{"id":1525,"date":"2020-05-07T17:51:46","date_gmt":"2020-05-07T17:51:46","guid":{"rendered":"https:\/\/www.french-rose.com\/covid-19"},"modified":"2023-10-30T08:35:42","modified_gmt":"2023-10-30T08:35:42","slug":"covid-19","status":"publish","type":"page","link":"https:\/\/www.french-rose.com\/fr\/covid-19","title":{"rendered":"Covid 19"},"content":{"rendered":"<p>[et_pb_section fb_built=\u00a0\u00bb1&Prime; _builder_version=\u00a0\u00bb4.16&Prime; global_colors_info=\u00a0\u00bb{}\u00a0\u00bb][et_pb_row _builder_version=\u00a0\u00bb4.16&Prime; global_colors_info=\u00a0\u00bb{}\u00a0\u00bb][et_pb_column type=\u00a0\u00bb4_4&Prime; _builder_version=\u00a0\u00bb4.16&Prime; global_colors_info=\u00a0\u00bb{}\u00a0\u00bb][et_pb_text admin_label=\u00a0\u00bbYour text in this box\u00a0\u00bb _builder_version=\u00a0\u00bb4.23&Prime; custom_padding=\u00a0\u00bb20px|20px|20px|20px|false|false\u00a0\u00bb hover_enabled=\u00a0\u00bb0&Prime; global_colors_info=\u00a0\u00bb{}\u00a0\u00bb sticky_enabled=\u00a0\u00bb0&Prime;]<\/p>\n<p align=\"center\"><strong>NOS ENGAGEMENTS FACE \u00c0 LA COVID 19<\/strong><\/p>\n<p align=\"center\"><strong>Ces mesures constituent d\u00e9sormais la politique de l&rsquo;Atelier de la Rose, ind\u00e9pendamment de la pand\u00e9mie de Covid 19<\/strong><\/p>\n<p><span style=\"font-size: large;\"><b>Nos mesures sanitaires<\/b><\/span><\/p>\n<p>L\u2019aile ind\u00e9pendante est nettoy\u00e9e, d\u00e9sinfect\u00e9e et a\u00e9r\u00e9e avant votre arriv\u00e9e.\u00a0\u00a0 Nous mettons \u00e0 votre disposition du gel hydro-alcoolique.<\/p>\n<p>Votre h\u00f4te a eu son sixi\u00e8me vaccin (booster) contre la covid en octobre 2023.<\/p>\n<p><b>Notre h\u00e9bergement<\/b><\/p>\n<p>Si vous souhaitez r\u00e9server une seule chambre, ou les deux, soyez assur\u00e9s que l\u2019aile ind\u00e9pendante vous serait enti\u00e8rement r\u00e9serv\u00e9e. Il en va de m\u00eame pour les artistes et les \u00e9crivains, qui ont \u00e9galement l&rsquo;usage exclusif de l&rsquo;atelier.<\/p>\n<p align=\"left\">[\/et_pb_text][\/et_pb_column][\/et_pb_row][\/et_pb_section]<\/p>\n","protected":false},"excerpt":{"rendered":"<p>NOS ENGAGEMENTS FACE \u00c0 LA COVID 19 Ces mesures constituent d\u00e9sormais la politique de l&rsquo;Atelier de la Rose, ind\u00e9pendamment de la pand\u00e9mie de Covid 19 Nos mesures sanitaires L\u2019aile ind\u00e9pendante est nettoy\u00e9e, d\u00e9sinfect\u00e9e et a\u00e9r\u00e9e avant votre arriv\u00e9e.\u00a0\u00a0 Nous mettons \u00e0 votre disposition du gel hydro-alcoolique. Votre h\u00f4te a eu son sixi\u00e8me vaccin (booster) contre [&hellip;]<\/p>\n","protected":false},"author":1,"featured_media":0,"parent":0,"menu_order":0,"comment_status":"closed","ping_status":"closed","template":"","meta":{"_et_pb_use_builder":"on","_et_pb_old_content":"","_et_gb_content_width":"","footnotes":""},"class_list":["post-1525","page","type-page","status-publish","hentry"],"yoast_head":"<!-- This site is optimized with the Yoast SEO plugin v27.5 - https:\/\/yoast.com\/product\/yoast-seo-wordpress\/ -->\n<title>Covid 19 - Atelier de la Rose<\/title>\n<meta name=\"robots\" content=\"index, follow, max-snippet:-1, max-image-preview:large, max-video-preview:-1\" \/>\n<link rel=\"canonical\" href=\"https:\/\/www.french-rose.com\/fr\/covid-19\" \/>\n<meta property=\"og:locale\" content=\"fr_FR\" \/>\n<meta property=\"og:type\" content=\"article\" \/>\n<meta property=\"og:title\" content=\"Covid 19 - Atelier de la Rose\" \/>\n<meta property=\"og:description\" content=\"NOS ENGAGEMENTS FACE \u00c0 LA COVID 19 Ces mesures constituent d\u00e9sormais la politique de l&#039;Atelier de la Rose, ind\u00e9pendamment de la pand\u00e9mie de Covid 19 Nos mesures sanitaires L\u2019aile ind\u00e9pendante est nettoy\u00e9e, d\u00e9sinfect\u00e9e et a\u00e9r\u00e9e avant votre arriv\u00e9e.\u00a0\u00a0 Nous mettons \u00e0 votre disposition du gel hydro-alcoolique. Votre h\u00f4te a eu son sixi\u00e8me vaccin (booster) contre [&hellip;]\" \/>\n<meta property=\"og:url\" content=\"https:\/\/www.french-rose.com\/fr\/covid-19\" \/>\n<meta property=\"og:site_name\" content=\"Atelier de la Rose\" \/>\n<meta property=\"article:modified_time\" content=\"2023-10-30T08:35:42+00:00\" \/>\n<meta name=\"twitter:card\" content=\"summary_large_image\" \/>\n<meta name=\"twitter:label1\" content=\"Dur\u00e9e de lecture estim\u00e9e\" \/>\n\t<meta name=\"twitter:data1\" content=\"1 minute\" \/>\n<script type=\"application\/ld+json\" class=\"yoast-schema-graph\">{\"@context\":\"https:\\\/\\\/schema.org\",\"@graph\":[{\"@type\":\"WebPage\",\"@id\":\"https:\\\/\\\/www.french-rose.com\\\/fr\\\/covid-19\",\"url\":\"https:\\\/\\\/www.french-rose.com\\\/fr\\\/covid-19\",\"name\":\"Covid 19 - Atelier de la Rose\",\"isPartOf\":{\"@id\":\"https:\\\/\\\/www.french-rose.com\\\/#website\"},\"datePublished\":\"2020-05-07T17:51:46+00:00\",\"dateModified\":\"2023-10-30T08:35:42+00:00\",\"breadcrumb\":{\"@id\":\"https:\\\/\\\/www.french-rose.com\\\/fr\\\/covid-19#breadcrumb\"},\"inLanguage\":\"fr-FR\",\"potentialAction\":[{\"@type\":\"ReadAction\",\"target\":[\"https:\\\/\\\/www.french-rose.com\\\/fr\\\/covid-19\"]}]},{\"@type\":\"BreadcrumbList\",\"@id\":\"https:\\\/\\\/www.french-rose.com\\\/fr\\\/covid-19#breadcrumb\",\"itemListElement\":[{\"@type\":\"ListItem\",\"position\":1,\"name\":\"Home\",\"item\":\"https:\\\/\\\/www.french-rose.com\\\/fr\"},{\"@type\":\"ListItem\",\"position\":2,\"name\":\"Covid 19\"}]},{\"@type\":\"WebSite\",\"@id\":\"https:\\\/\\\/www.french-rose.com\\\/#website\",\"url\":\"https:\\\/\\\/www.french-rose.com\\\/\",\"name\":\"Atelier de la Rose\",\"description\":\"Bed and breakfast  Lot,  Lot-Valley close to Cahors, Puy l&#039;Eveque, Bonaguil in  South West France\",\"potentialAction\":[{\"@type\":\"SearchAction\",\"target\":{\"@type\":\"EntryPoint\",\"urlTemplate\":\"https:\\\/\\\/www.french-rose.com\\\/?s={search_term_string}\"},\"query-input\":{\"@type\":\"PropertyValueSpecification\",\"valueRequired\":true,\"valueName\":\"search_term_string\"}}],\"inLanguage\":\"fr-FR\"}]}<\/script>\n<!-- \/ Yoast SEO plugin. -->","yoast_head_json":{"title":"Covid 19 - Atelier de la Rose","robots":{"index":"index","follow":"follow","max-snippet":"max-snippet:-1","max-image-preview":"max-image-preview:large","max-video-preview":"max-video-preview:-1"},"canonical":"https:\/\/www.french-rose.com\/fr\/covid-19","og_locale":"fr_FR","og_type":"article","og_title":"Covid 19 - Atelier de la Rose","og_description":"NOS ENGAGEMENTS FACE \u00c0 LA COVID 19 Ces mesures constituent d\u00e9sormais la politique de l'Atelier de la Rose, ind\u00e9pendamment de la pand\u00e9mie de Covid 19 Nos mesures sanitaires L\u2019aile ind\u00e9pendante est nettoy\u00e9e, d\u00e9sinfect\u00e9e et a\u00e9r\u00e9e avant votre arriv\u00e9e.\u00a0\u00a0 Nous mettons \u00e0 votre disposition du gel hydro-alcoolique. Votre h\u00f4te a eu son sixi\u00e8me vaccin (booster) contre [&hellip;]","og_url":"https:\/\/www.french-rose.com\/fr\/covid-19","og_site_name":"Atelier de la Rose","article_modified_time":"2023-10-30T08:35:42+00:00","twitter_card":"summary_large_image","twitter_misc":{"Dur\u00e9e de lecture estim\u00e9e":"1 minute"},"schema":{"@context":"https:\/\/schema.org","@graph":[{"@type":"WebPage","@id":"https:\/\/www.french-rose.com\/fr\/covid-19","url":"https:\/\/www.french-rose.com\/fr\/covid-19","name":"Covid 19 - Atelier de la Rose","isPartOf":{"@id":"https:\/\/www.french-rose.com\/#website"},"datePublished":"2020-05-07T17:51:46+00:00","dateModified":"2023-10-30T08:35:42+00:00","breadcrumb":{"@id":"https:\/\/www.french-rose.com\/fr\/covid-19#breadcrumb"},"inLanguage":"fr-FR","potentialAction":[{"@type":"ReadAction","target":["https:\/\/www.french-rose.com\/fr\/covid-19"]}]},{"@type":"BreadcrumbList","@id":"https:\/\/www.french-rose.com\/fr\/covid-19#breadcrumb","itemListElement":[{"@type":"ListItem","position":1,"name":"Home","item":"https:\/\/www.french-rose.com\/fr"},{"@type":"ListItem","position":2,"name":"Covid 19"}]},{"@type":"WebSite","@id":"https:\/\/www.french-rose.com\/#website","url":"https:\/\/www.french-rose.com\/","name":"Atelier de la Rose","description":"Bed and breakfast  Lot,  Lot-Valley close to Cahors, Puy l&#039;Eveque, Bonaguil in  South West France","potentialAction":[{"@type":"SearchAction","target":{"@type":"EntryPoint","urlTemplate":"https:\/\/www.french-rose.com\/?s={search_term_string}"},"query-input":{"@type":"PropertyValueSpecification","valueRequired":true,"valueName":"search_term_string"}}],"inLanguage":"fr-FR"}]}},"_links":{"self":[{"href":"https:\/\/www.french-rose.com\/fr\/wp-json\/wp\/v2\/pages\/1525","targetHints":{"allow":["GET"]}}],"collection":[{"href":"https:\/\/www.french-rose.com\/fr\/wp-json\/wp\/v2\/pages"}],"about":[{"href":"https:\/\/www.french-rose.com\/fr\/wp-json\/wp\/v2\/types\/page"}],"author":[{"embeddable":true,"href":"https:\/\/www.french-rose.com\/fr\/wp-json\/wp\/v2\/users\/1"}],"replies":[{"embeddable":true,"href":"https:\/\/www.french-rose.com\/fr\/wp-json\/wp\/v2\/comments?post=1525"}],"version-history":[{"count":23,"href":"https:\/\/www.french-rose.com\/fr\/wp-json\/wp\/v2\/pages\/1525\/revisions"}],"predecessor-version":[{"id":2411,"href":"https:\/\/www.french-rose.com\/fr\/wp-json\/wp\/v2\/pages\/1525\/revisions\/2411"}],"wp:attachment":[{"href":"https:\/\/www.french-rose.com\/fr\/wp-json\/wp\/v2\/media?parent=1525"}],"curies":[{"name":"wp","href":"https:\/\/api.w.org\/{rel}","templated":true}]}}

<p>[et_pb_section fb_built= »1&Prime; _builder_version= »4.16&Prime; global_colors_info= »{} »][et_pb_row _builder_version= »4.16&Prime; global_colors_info= »{} »][et_pb_column type= »4_4&Prime; _builder_version= »4.16&Prime; global_colors_info= »{} »][et_pb_text admin_label= »Your text in this box » _builder_version= »4.23&Prime; custom_padding= »20px|20px|20px|20px|false|false » hover_enabled= »0&Prime; global_colors_info= »{} » sticky_enabled= »0&Prime;]</p>
<p align="center"><strong>NOS ENGAGEMENTS FACE À LA COVID 19</strong></p>
<p align="center"><strong>Ces mesures constituent désormais la politique de l&rsquo;Atelier de la Rose, indépendamment de la pandémie de Covid 19</strong></p>
<p><span style="font-size: large;"><b>Nos mesures sanitaires</b></span></p>
<p>L’aile indépendante est nettoyée, désinfectée et aérée avant votre arrivée.   Nous mettons à votre disposition du gel hydro-alcoolique.</p>
<p>Votre hôte a eu son sixième vaccin (booster) contre la covid en octobre 2023.</p>
<p><b>Notre hébergement</b></p>
<p>Si vous souhaitez réserver une seule chambre, ou les deux, soyez assurés que l’aile indépendante vous serait entièrement réservée. Il en va de même pour les artistes et les écrivains, qui ont également l&rsquo;usage exclusif de l&rsquo;atelier.</p>
<p align="left">[/et_pb_text][/et_pb_column][/et_pb_row][/et_pb_section]</p>

<p>NOS ENGAGEMENTS FACE À LA COVID 19 Ces mesures constituent désormais la politique de l&rsquo;Atelier de la Rose, indépendamment de la pandémie de Covid 19 Nos mesures sanitaires L’aile indépendante est nettoyée, désinfectée et aérée avant votre arrivée.   Nous mettons à votre disposition du gel hydro-alcoolique. Votre hôte a eu son sixième vaccin (booster) contre [&hellip;]</p>

<!-- This site is optimized with the Yoast SEO plugin v27.5 - https://yoast.com/product/yoast-seo-wordpress/ -->
<title>Covid 19 - Atelier de la Rose</title>
<meta name="robots" content="index, follow, max-snippet:-1, max-image-preview:large, max-video-preview:-1" />
<link rel="canonical" href="https://www.french-rose.com/fr/covid-19" />
<meta property="og:locale" content="fr_FR" />
<meta property="og:type" content="article" />
<meta property="og:title" content="Covid 19 - Atelier de la Rose" />
<meta property="og:description" content="NOS ENGAGEMENTS FACE À LA COVID 19 Ces mesures constituent désormais la politique de l&#039;Atelier de la Rose, indépendamment de la pandémie de Covid 19 Nos mesures sanitaires L’aile indépendante est nettoyée, désinfectée et aérée avant votre arrivée.   Nous mettons à votre disposition du gel hydro-alcoolique. Votre hôte a eu son sixième vaccin (booster) contre [&hellip;]" />
<meta property="og:url" content="https://www.french-rose.com/fr/covid-19" />
<meta property="og:site_name" content="Atelier de la Rose" />
<meta property="article:modified_time" content="2023-10-30T08:35:42+00:00" />
<meta name="twitter:card" content="summary_large_image" />
<meta name="twitter:label1" content="Durée de lecture estimée" />
	<meta name="twitter:data1" content="1 minute" />
<script type="application/ld+json" class="yoast-schema-graph">{"@context":"https:\/\/schema.org","@graph":[{"@type":"WebPage","@id":"https:\/\/www.french-rose.com\/fr\/covid-19","url":"https:\/\/www.french-rose.com\/fr\/covid-19","name":"Covid 19 - Atelier de la Rose","isPartOf":{"@id":"https:\/\/www.french-rose.com\/#website"},"datePublished":"2020-05-07T17:51:46+00:00","dateModified":"2023-10-30T08:35:42+00:00","breadcrumb":{"@id":"https:\/\/www.french-rose.com\/fr\/covid-19#breadcrumb"},"inLanguage":"fr-FR","potentialAction":[{"@type":"ReadAction","target":["https:\/\/www.french-rose.com\/fr\/covid-19"]}]},{"@type":"BreadcrumbList","@id":"https:\/\/www.french-rose.com\/fr\/covid-19#breadcrumb","itemListElement":[{"@type":"ListItem","position":1,"name":"Home","item":"https:\/\/www.french-rose.com\/fr"},{"@type":"ListItem","position":2,"name":"Covid 19"}]},{"@type":"WebSite","@id":"https:\/\/www.french-rose.com\/#website","url":"https:\/\/www.french-rose.com\/","name":"Atelier de la Rose","description":"Bed and breakfast  Lot,  Lot-Valley close to Cahors, Puy l&#039;Eveque, Bonaguil in  South West France","potentialAction":[{"@type":"SearchAction","target":{"@type":"EntryPoint","urlTemplate":"https:\/\/www.french-rose.com\/?s={search_term_string}"},"query-input":{"@type":"PropertyValueSpecification","valueRequired":true,"valueName":"search_term_string"}}],"inLanguage":"fr-FR"}]}</script>
<!-- / Yoast SEO plugin. -->

NOS ENGAGEMENTS FACE À LA COVID 19 Ces mesures constituent désormais la politique de l'Atelier de la Rose, indépendamment de la pandémie de Covid 19 Nos mesures sanitaires L’aile indépendante est nettoyée, désinfectée et aérée avant votre arrivée.   Nous mettons à votre disposition du gel hydro-alcoolique. Votre hôte a eu son sixième vaccin (booster) contre [&hellip;]
